e remainder when 10 is divided by 5*-1*16/(-20).
2
Let i = 8 - 3. What is the remainder when 14 is divided by i?
4
Suppose 3*f - d - 285 = 0, 2*f - d - 190 = -0*f. Let h = 0 + 24. What is the remainder when f is divided by h?
23
Let h(g) = -g**2 + 11*g - 10. Calculate the remainder when h(9) is divided by 4.
0
What is the remainder when 0/(-4 + 1) - -20 is divided by 11?
9
Let h(i) = i**2 - 6*i + 3. Let c be h(6). Suppose -2*s - j = -15 - 0, 25 = c*s + 2*j. Calculate the remainder when 2/s + 203/5 is divided by 14.
13
Suppose -5*j + 39 = 7*r - 3*r, 0 = -5*j + r + 59. Let y be 5/(60/(-8))*-18. What is the remainder when 334/8 + 3/y is divided by j?
9
Let u(z) = 4*z + 2. Let n be u(5). Let d = n - 15. What is the remainder when 13 is divided by d?
6
Calculate the remainder when ((-2)/(1*4))/((-13)/78) is divided by 2.
1
Let o = -12 + 15. Suppose 42 = 5*v - 98. Suppose -2*f = 2*z + 2*z - v, -5*f = -4*z - 28. What is the remainder when f is divided by o?
2
Suppose 8*z - 4*i - 40 = 3*z, 3*z = i + 31. Suppose -m + z = 3*m. What is the remainder when 5 is divided by m?
2
Let h(l) = l**2 - 8*l + 8. Let p be (-6)/(-8) - (-50)/8. Let v be h(p). Calculate the remainder when 9 is divided by v - 0 - (-5 - -1).
4
Suppose h - 112 - 170 = 0. Suppose w - h = -2*w. What is the remainder when w is divided by 24?
22
What is the remainder when (3/2)/((-15)/(-10)) + 66 is divided by 35?
32
Suppose 3*g + 5*n = g + 25, -4*n = g - 5. Let b be (1 - 2 - 1) + 25. Let v = -14 + b. Calculate the remainder when g is divided by v.
7
Let o = 4 - 2. Let c(b) = 6*b - 1 - 3 + 5*b + 2. What is the remainder when 38 is divided by c(o)?
18
Let d(o) = -o**3 - 6*o**2 + 6*o - 2. Suppose 0 = 2*p + 4*v + 22, 4*p + 27 = -p + 4*v. What is the remainder when 17 is divided by d(p)?
2
Let d = 27 - -36. What is the remainder when d is divided by 32?
31
Suppose 5*h + 293 = 5*i + 73, 0 = 4*i + 2*h - 164. Calculate the remainder when i is divided by -2*5/20*-44.
20
Suppose 0 = -d - 4*d + 10. Suppose 5*c - 16 - 2 = 3*w, -d*w + 4 = 2*c. Let a(m) = m**2 - m + 1. What is the remainder when 20 is divided by a(c)?
6
Let j = -5 + 7. Calculate the remainder when 6 is divided by j.
0
Let i = 75 - 40. Let d = i - 22. What is the remainder when 50 is divided by d?
11
Suppose 4*m = 5*b - 40, 4*m = 4*b - 14 - 18. Let u = -50 - -72. Calculate the remainder when u is divided by b.
6
Let o = 14 + -8. Calculate the remainder when 22 is divided by o.
4
Let c = 53 - 34. Suppose 0 = -5*d + 2*a + 6, 2*d + 1 - 11 = -3*a. Suppose 3*l + d - 23 = 0. Calculate the remainder when c is divided by l.
5
Let f be (-5 + -1)*6/(-9). Suppose -50 = -f*l + 2*l. What is the remainder when l is divided by 14?
11
Let p(q) = -5*q - 8. Let g be p(-11). Suppose g = z + 2*z - r, 3*z - 49 = -r. Calculate the remainder when z is divided by 9.
7
Calculate the remainder when 197 is divided by (241/9 - 2) + 22/99.
22
Suppose 7*q - 2*q - 125 = -3*m, q + m - 23 = 0. Suppose -2*s = 4*n - 228, -s = -n - 0*n + 51. Calculate the remainder when n is divided by q.
27
Suppose -5*m = 4*l - 22, -3*l + 12 + 12 = 5*m. Suppose -34 = -5*c + 3*c. Suppose 5*s - c = 3. Calculate the remainder when m is divided by s.
2
Suppose 3*y - 22 = 14. Calculate the remainder when 33 is divided by y/(-2)*(-18)/12.
6
Let v = -90 + 99. What is the remainder when 23 is divided by v?
5
Let a(f) = 3*f**2 + 4*f. Suppose x = 38 + 20. Calculate the remainder when x is divided by a(-3).
13
Suppose 2*u - 5 = -3*u. Let r be (-4)/((2/8)/u). What is the remainder when 37 is divided by (26/(-8))/(4/r)?
11
Let w(c) = 3*c - 4. Suppose -3*l - f + 48 = 0, 0 = -2*l + f - 3 + 30. Suppose l = 2*y + y, -4*t + 8 = -4*y. What is the remainder when w(t) is divided by 5?
2
Let r(u) = -2*u - 11. Calculate the remainder when 136 is divided by r(-17).
21
Suppose 4*f - 2*g = 28, -5 - 23 = -4*f + g. Let z = -3 + f. Calculate the remainder when 14 is divided by z.
2
Suppose -14 = -2*w + 4. Calculate the remainder when w is divided by (48/(-40))/(2/(-10)).
3
Let u(r) = r**2 - 11*r + 12. Let n be u(9). Let m = 59 - n. Calculate the remainder when m is divided by 22.
21
Suppose -2*q + 31 = -1. Suppose t + q = 5*t. Calculate the remainder when t is divided by 2.
0
Let r(s) = 5*s**2 - 3*s - 3. Let o(u) = -u**3 + 7*u**2 + 2*u - 6. What is the remainder when r(-2) is divided by o(7)?
7
Let t(z) = z**3 + 8*z**2 + 9*z + 5. Calculate the remainder when t(-6) is divided by 7.
2
What is the remainder when 13 is divided by 23/4 - (-21)/(-28)?
3
Suppose 12*f - 8*f - 272 = 0. What is the remainder when f is divided by 6/9 - 67/(-3)?
22
Let c = 179 - 173. Calculate the remainder when 10 is divided by c.
4
Suppose 0 = 4*p - 5*u - 21, 0 = -p + u + 6. Let v(y) = -2 + 0 + 3*y - 4*y + p. Calculate the remainder when 5 is divided by v(5).
1
Suppose -g + 6*g = 60. What is the remainder when g is divided by 4?
0
Suppose d + 1 = 0, -d - 20 = -5*o + 4*d. Suppose 0 = i + t + o*t - 10, i - 5*t + 8 = 0. Suppose i*r + 2*r = 48. What is the remainder when 35 is divided by r?
11
Let a = 3 - 7. Let z be 0/2 + 1 - a. Suppose 4*l + t - 24 = -3*t, -z*t - 3 = 2*l. What is the remainder when 31 is divided by l?
9
What is the remainder when 18 is divided by (14/(-6))/(3/(-9))?
4
Let g(n) = -n - 4. Let u be g(-9). Suppose -a + u*a - 148 = 0. Calculate the remainder when a is divided by 13.
11
Let b = -13 - -19. Suppose 3*v = -3*w - 0*v + 63, 0 = -2*w + 3*v + 42. What is the remainder when w is divided by b?
3
Let r(g) = g**3 - 2*g**2 - 5*g. Let p be (2*-2)/((-2)/2). What is the remainder when 23 is divided by r(p)?
11
Let k be (2/(-5))/(2/10). Let p = -13 + 15. What is the remainder when 7 - p/(-1 - k) is divided by 2?
1
Calculate the remainder when 14/2*702/189 is divided by 9.
8
Suppose -r - 4*r + 25 = 0. Suppose -5*t - 16 = -t. Calculate the remainder when r is divided by (2/(-3))/(t/12).
1
Let m be 4 + -1 + -2 + 1. Suppose -m*a + 28 + 6 = 0. What is the remainder when a is divided by 9?
8
Suppose 12 = -7*a + 8*a. Suppose 0 = -3*d + 2*k + 151, -d + k - 89 = -3*d. What is the remainder when d is divided by a?
11
Let n = 2 + 35. Calculate the remainder when n is divided by 13.
11
Suppose 0 = 4*o + 6 - 18. Suppose -o*i = 2*y - 184, 3*i = 4*i + 4. What is the remainder when y is divided by 33?
32
Let w = 25 + -19. What is the remainder when 15 is divided by w?
3
Let j be 78/(-24) + 2/8. Calculate the remainder when 7 is divided by 3/(-2)*4/j.
1
Suppose -80 - 35 = -n. Calculate the remainder when n is divided by 29.
28
Suppose 50 = g - 3*s - 13, -5*g = -3*s - 315. Calculate the remainder when g is divided by 23.
17
Suppose -5*a + 152 = 52. Suppose -5*v = -n + 19, 0 = -v - 4*v - a. Let l(h) = -15*h**3 + h. Calculate the remainder when l(n) is divided by 5.
4
Let o(t) be the second derivative of -t**3/2 + 3*t**2/2 - 2*t. Calculate the remainder when o(-6) is divided by 6.
3
What is the remainder when 1*(-6)/(-10)*115/1 is divided by 18?
15
Let y = 3 + -3. Let w be 1 + -3 - (y + 0). What is the remainder when 136/10 - w/5 is divided by 4?
2
Suppose 4*p - 2*v - 29 = 43, -3*p = -5*v - 47. Let l = 9 - -2. Calculate the remainder when p is divided by l.
8
Let u(n) = -n**3 + 5*n**2 - 3*n. What is the remainder when u(4) is divided by 3?
1
Suppose 92 = 3*k - 43. Let a(q) = q + 5. What is the remainder when k is divided by a(7)?
9
Suppose -73 - 68 = -3*l. What is the remainder when l is divided by 12?
11
Suppose 5*r - 5*g = 15, -2*r + 4*g + 8 = -0*r. Let b = r + 9. What is the remainder when 31 is divided by b?
9
Let y(x) = -x**3 - 8*x**2 - 2*x - 9. Let q = -19 + 11. Calculate the remainder when 20 is divided by y(q).
6
Suppose 4*m + 4*t - 84 = -12, -2*m + 38 = t. What is the remainder when 94 is divided by m?
14
Calculate the remainder when 167*1*(16 - 15) is divided by 42.
41
Suppose 3*w + w - 44 = 4*k, -3*w + k = -43. Suppose 4*s = 231 - 47. What is the remainder when s is divided by w?
14
Suppose -4*y = -11*y + 182. Calculate the remainder when 49 is divided by y.
23
Calculate the remainder when 74 is divided by 152/(-12)*9/(-6).
17
Let x(a) be the third derivative of -a**6/120 - a**5/30 + 7*a**4/24 + a**3 + 6*a**2. What is the remainder when x(-5) is divided by 16?
14
Let z(o) be the first derivative of o**3/3 - 11*o**2/2 + 5*o - 4. Calculate t